) + 30/7. Is 2 - 1 - -22*i a prime number?
True
Suppose -y + 1511 = -992. Is y prime?
True
Let z = -381 + 536. Suppose -g + z = 6. Is g composite?
False
Let i(o) = 222*o**3 + 2*o - 1. Is i(1) a composite number?
False
Suppose -p + 5 = 3*k, -4*k + 5*p - 1 - 5 = 0. Let t(i) = -i. Let h be t(k). Let u = 2 - h. Is u prime?
True
Let p be 3/(3/(-6) + 2). Suppose -2*d = 0, -4*d - 34 = 3*q - 184. Suppose -7*t + p*t + q = 0. Is t prime?
False
Let l be 19*3 - 0/(-4). Suppose 47 = 4*t - l. Is t a composite number?
True
Let r = -13 + 27. Is (r/4)/((-10)/(-340)) prime?
False
Let m(b) = 5*b**3 - 7*b**2 + 9*b + 4. Let u(n) = -n**3 + n**2 - n. Let o(q) = m(q) + 6*u(q). Suppose 5*s = 5*f - 40, f + 3*f - 14 = -2*s. Is o(s) composite?
False
Let y(k) = 56*k - 57. Is y(26) a prime number?
True
Suppose 3*l + 800 = -511. Let w = -294 - l. Is w a composite number?
True
Let h = -39 + 103. Suppose 0*b = 2*b - i - 96, -5*b = 2*i - 231. Suppose 3*d = h + b. Is d a prime number?
True
Let w(z) = z - 9. Let v be w(8). Let q(c) = -8*c**2 - 1. Let j be q(v). Let b = 16 - j. Is b a composite number?
True
Let j = 25 - 9. Let b = -11 + j. Suppose -9 = 2*l - b*l. Is l composite?
False
Suppose -5*m = -4*w - 1036 - 79, 0 = -2*m + 3*w + 439. Suppose -m = -q - 58. Is q a prime number?
False
Let b = -4 + 8. Suppose 4*y - 16 = -0*p - 4*p, -12 = -b*y. Is p*(47 - (-2 + 2)) a composite number?
False
Let p be (213/(-15) - -1)*5. Let u be 174/11 + (-12)/p. Is 2*u - 6/(-2) a prime number?
False
Suppose -4*y + 4*l = -2172, 0*l + 2*l - 1619 = -3*y. Is y a prime number?
True
Suppose -5*p - q = -669, -3*p = -p - q - 262. Is p composite?
True
Suppose -3*p + 2*a + 282 = 0, -3*p = -5*p + 2*a + 188. Is p a prime number?
False
Suppose 2 = -g + 4. Suppose -o + g*o = 55. Is o prime?
False
Let q(z) = -z**3 - z + 4. Let w(v) = v**3 - 4*v**2 + 4*v - 3. Let d be w(3). Let y be q(d). Suppose g - 70 = -y*g. Is g a composite number?
True
Suppose 0 = 3*j + 2 - 17. Let u(n) = 0*n - 4*n**2 - j*n**2 + 1 - 2 + n**3 + 9*n. Is u(8) a prime number?
True
Suppose 4*u + 3*b + 5 = 0, b - 2 + 1 = 0. Let f be (-7)/(-5) + u/5. Suppose 0*v + 5 = 2*v - m, f = m. Is v a prime number?
True
Suppose 0 = -4*h + h + 21. Suppose 0 = -5*a + 18 + h. Suppose 0 = -3*v - i + 13, a*v + 0*i = -2*i + 20. Is v prime?
False
Suppose -k = 2*k - 213. Is k composite?
False
Suppose 0 = -11*k + 8*k + 30. Is (k - 69)*(-2 - -1) composite?
False
Let h = 122 - -959. Is h prime?
False
Let q(k) = 8*k**2 - k + 1. Let x be q(1). Let s = 14 + x. Is s a prime number?
False
Suppose 341 = 5*h - 94. Is h prime?
False
Suppose -4*s + 9*s - 183 = -3*m, 5*m - 58 = -2*s. Let w = s - -164. Is w composite?
True
Suppose 0 = 5*z - 3*z + 244. Let j = z + 219. Is j a prime number?
True
Let k(g) = -74*g + 3. Let m be k(-8). Let w = m + -198. Is w a prime number?
True
Suppose 0 = 2*q + 10, -v + 326 = -0*v - q. Is v composite?
True
Let z(a) = -a**2 + 10*a + 9. Let o be z(11). Is o/(-1) + 20 + -3 a composite number?
False
Let c = 11 + -11. Suppose c = 2*x - i - 360, -5*x - i = -1174 + 281. Is x a composite number?
False
Suppose -3*t + 850 = 2*r, r + t + 3*t = 435. Is r a prime number?
True
Suppose -3*l + 191 = -2*l. Is l composite?
False
Let v = -557 - -283. Is 3/15 - v/5 a prime number?
False
Let f(l) = 2*l - l - 6*l**3 - 4*l - l**2 - 1 + l. Let u be (1 - 0) + (-6)/2. Is f(u) prime?
True
Let s(i) = -i**2 + 4*i**2 - 3 + i**2 + 10*i - 4*i. Is s(-5) a composite number?
False
Let d = -11 - -15. Suppose 3*j - 3*t = 762, 0 = d*j + 5*t - 508 - 553. Is j prime?
False
Suppose u = 4 - 0. Suppose 0*j = -u*j - 4. Is 28 + 6 + -2 + j prime?
True
Suppose 0 = 6*p - 2*p. Suppose -v + 103 = -p*v. Is v a prime number?
True
Suppose -623 = 2*k + 451. Let c be 2/(-11) - k/(-11). Let w = 70 + c. Is w a prime number?
False
Suppose -11*x - 4*x = -18885. Is x a composite number?
False
Suppose -4*a - 5*i + 80 = 0, 4*a - 3*i + 38 = 6*a. Let r = -6 + a. Is r a prime number?
True
Let z(i) = 0 - 5 - i + 1 + 499*i**2 + 5. Is z(1) composite?
False
Let b = 356 - 168. Suppose -4*k = -5*p + 182, -5*p + 0*p = -k - b. Is p a prime number?
False
Is ((-2)/(-1))/1 - (-2790 + 7) a composite number?
True
Suppose 0 = -0*w - w - 5. Let f = 4 - w. Is f prime?
False
Suppose -4*o - z + 498 = -3*z, -3*o = -z - 371. Suppose -25 = -3*w + o. Is w a prime number?
False
Suppose -d + 14 = -73. Is d prime?
False
Suppose -4*r = 3*l - 20, 14 = l + 7*r - 2*r. Suppose 0*o + 4 = l*o. Suppose -5*d + 64 + o = 0. Is d a prime number?
True
Let h(c) = 6*c - c**2 - 3*c - 2*c + 155. Is h(0) composite?
True
Suppose 2*t + 20 = -2*t. Suppose -w = 3*n - 3, -6 = -n - 5*w - 5. Let d = n - t. Is d prime?
False
Let f = -32 + 209. Is 9/(-12) - f/(-12) a composite number?
True
Let r be 0 + 3 + -2 + 12. Let k = -3 - -1. Let t = r - k. Is t a composite number?
True
Suppose -4*c = 3*z - 1605, z + c - 2140 = -3*z. Is z a composite number?
True
Suppose -4*k = -2*o + 16, 8*k - 3*k = -o - 13. Suppose 0 = 2*s + 3*u - 9, 26 = 4*s - u - u. Is (-58)/k - s/18 composite?
False
Let l be 2/1 - (-1 - 1). Suppose 4*a = -4*c + 744, -2*a - c + 347 = -l*c. Is a prime?
True
Let q be 681/((84/(-80))/(-7)). Suppose -2*t + o + 1778 = 0, 4*t - q = 3*o - 984. Is t composite?
True
Suppose 3*a = 5*n - 9005, n + 2*a - 9005 = -4*n. Is n a prime number?
True
Suppose -206 - 199 = -k. Let y be 2/3 + 40/3. Is k/21 + (-4)/y a prime number?
True
Let y(c) = -45*c - 10. Is y(-9) prime?
False
Suppose 5*t + 587 + 282 = 3*d, -3*t = -d + 287. Is -3*d/(-3)*1 a composite number?
False
Let x(m) = -m**3 - 8*m**2 - 9*m - 1. Let a be x(-6). Let q = a + 54. Is q prime?
False
Let m(i) = 6*i**2 + i. Let s be m(-1). Suppose s*g = c - 26, 4*g - 44 - 57 = -5*c. Is c prime?
False
Suppose -3*m + 620 - 137 = 0. Is m composite?
True
Let c = -123 + -101. Let b = -133 - c. Is b composite?
True
Let h(l) = -9*l + 10. Suppose 2*i - 4*r = -8, -3*i - 2*r - 12 = -2*i. Is h(i) composite?
True
Is (-3)/(-3) + (-3 - -85) a prime number?
True
Let z(u) = 4*u - 1. Let j(l) = l**2 + l + 1. Let m(c) = -j(c) - z(c). Let g be m(-5). Suppose -2*o - o + 267 = g. Is o prime?
True
Suppose -42 + 6 = 4*n. Is (-330)/(-4)*(-6)/n a composite number?
True
Let z(b) = -6*b**3 + b**2 + b. Let t be 12/(-10) - 4/(-20). Is z(t) composite?
True
Suppose x = -0*x + 4*b + 263, 0 = -3*x + 5*b + 789. Is x prime?
True
Let f(m) = 3*m**2 + 3*m**2 - 4*m**2 - 2. Suppose 7 = -3*i - 3*o + 22, 2*o - 4 = i. Is f(i) composite?
True
Let z(b) = -3*b - 4*b**2 + 2*b**3 - 2*b**3 + 1 + 2*b**3 + 2. Is z(4) a composite number?
True
Suppose 2*a = -2*a + 60. Let o = a + 6. Is o prime?
False
Let c(b) be the third derivative of 2*b**5 - b**3/6 - b**2. Is c(-1) a composite number?
True
Let u be (-3 + 1)*2/2. Is (-3 - -5)*(-191)/u a composite number?
False
Suppose -1485 = -4*l - l. Let q = 668 - l. Suppose 3*r - 106 = q. Is r a prime number?
False
Suppose 2*l + 10 - 22 = 0. Let x = -17 - -61. Is x/3 + (-4)/l composite?
True
Suppose 0 = -9*a + 14*a - 9505. Is a prime?
True
Let t(n) = -n + 7. Let s be (1 - (-1)/(-7))*7. Let k be t(s). Is (k*(2 + 2))/2 a prime number?
True
Let w = 0 - -2. Suppose 0 = -w*a + v - 0*v + 8, -5*v = a - 4. Suppose a*n - 3*x = 466, -3*n - x + 2*x + 347 = 0. Is n prime?
False
Suppose -3*u + 0*u = -4395. Suppose -6*m = -11*m + u. Is m prime?
True
Let q = 60 - 23. Is q a composite number?
False
Suppose 2*p - 1507 = -o, 2604 = 5*p - o - 1146. Is p a prime number?
True
Let x(a) = 82 + a**2 + 0*a**2 + 0*a**2 + 5. Is x(0) composite?
True
Let d be 1/(9/(-8) - -1). Let f be (-1578)/d + (-1)/4. Suppose -c - f = -3*v, v + 2*c - 83 = -2*c. Is v prime?
True
Suppose 3*t = -t + 4604. Is t prime?
True
Suppose 4*q = 4*h - 0*q - 112, 69 = 3*h + 2*q. Is h a composite number?
True
Suppose -4*w + 114 + 34 = 0. Is w a prime number?
True
Let k(s) = s**2 - 8*s - 3. Let x be k(8). Let w = 6 + x. Is (0 - -16) + (1 - w) a prime number?
False
Suppose -3*n = 4*z - 2*n - 59, -6 = -2*n. Is 8 + (z/(-2) - -3) prime?
False
Suppose 6*b + 12 = 4*w + 2*b, 0 = 2*w + b - 3. Let u be ((-5)/4)/(w/8). Let c = u - -14. Is c a composite number?
True
Let n be -3 + 1 + 1 - -29356. Let k be n/27 + 4/(-18). Suppose p = 5*b - k, 3*b + 5*p - 570 = 71. Is b composite?
True
Suppose -5*o + 25 = 10, -2*w - 1 = o. Let g be w + (-1)/(3/(-6)). Suppose g*l + 8 = 2*l. Is l composite?
True
Let a(r) = 7